 q(m) = j(m) + y(m). Let u(z) = -5*p(z) + 7*q(z). Determine u(7).
1
Let z(m) = -m**2 + 10*m. Suppose 5*y - 3*y - j = 12, -3*y + 27 = 3*j. What is z(y)?
21
Let s(h) = -27*h - 3. Let g(b) = 29*b + 3. Let c(m) = 5*g(m) + 6*s(m). What is c(-2)?
31
Let g(p) be the first derivative of 1/3*p**3 + 9 - 2*p - 2*p**2. What is g(5)?
3
Let m(w) = 2*w**2 + 3*w + 6 - w**3 + 1 - 1 - 6*w**2. Let l(v) = 5*v**2 - 57*v + 18. Let r be l(11). What is m(r)?
-6
Suppose 7*l = -6 - 1. Let w(p) = 4*p**3 - p. Determine w(l).
-3
Let n(l) = 3*l**2 - 8*l + 2. Let p(j) = j**2 - 3*j + 1. Let i(r) = 4*n(r) - 11*p(r). Suppose 3*v = 2*y - 6, 4*y + 1258 - 1250 = v. Calculate i(v).
9
Suppose 3*z - 6 - 3 = 0, z = -2*u + 11. Let h be 6/(-4)*204/(-18). Let o(d) = -2*d + h - 18 - 2*d. Calculate o(u).
-17
Suppose -j + 2 = 1. Let f = j - 5. Let n(m) = m + 4. Calculate n(f).
0
Let m(a) = -a**3 - a**2 + 2*a. Let z be m(-2). Let p(w) = -206*w**2 - w + 207*w**2 + 0*w. Let u be p(z). Let k(d) = d - 4. Calculate k(u).
-4
Let w(m) = 6*m**2 + 9*m + 11. Let q(k) = -5*k**2 - 8*k - 10. Let b(t) = -t**3 + 4*t**2 + 7*t - 5. Let r be b(5). Let x(d) = r*q(d) + 4*w(d). Give x(-4).
-6
Let l(o) = -5*o + 3. Let k(q) = q**2 - 6*q - 14. Let z be k(8). What is l(z)?
-7
Let v(f) = f**2 - 5*f + 11. Suppose 34 = 9*i - 20. Give v(i).
17
Let f = 102 - 109. Let y(k) be the second derivative of -k**5/20 - 2*k**4/3 - k**3 - 3*k. Calculate y(f).
-7
Let c(w) = -15*w + 1. Suppose -13*f = -5*f + 8. Give c(f).
16
Let s(a) = -a**3 - 11*a**2 - 10*a + 14. Suppose -56 = 7*z + 14. Determine s(z).
14
Let b(d) be the first derivative of -d**3/6 + d**2 + 12*d - 22. Let w(g) be the first derivative of b(g). Suppose -11 = -5*l + 14. What is w(l)?
-3
Let y(p) = 4*p. Suppose 3*i + 4 = -2*x - 2*i, -x - 2*i - 3 = 0. Let q = -16 + 26. Let s = x + q. What is y(s)?
12
Let x(b) = -5*b**3 - b**2 + 2*b - 1. Let k be (2/2)/(10/40). Suppose -2*h = -5*z + 13, -5 = k*h + 11. What is x(z)?
-5
Let d(k) = -6*k + 22 - 15 - 4*k + 9*k. What is d(8)?
-1
Suppose 4*l = 3*d - 1, 4*l - 6 = 5*d + 3. Let o(f) = f**3 + 4*f**2 - 6*f. Determine o(d).
5
Let s(n) = 29*n**2 - 6*n + 23. Let q(h) = -11*h**2 + 2*h - 8. Let c(j) = 8*q(j) + 3*s(j). What is c(0)?
5
Let y be 10/(-6)*(15 + -12) + 8. Let x(g) be the second derivative of g**5/20 - 5*g**4/12 + 5*g**3/6 - 3*g**2/2 + g. Give x(y).
-6
Let j(m) = -29*m + 22. Let h(f) = 7*f - 5. Let a(t) = 9*h(t) + 2*j(t). Suppose 4*b = -5 + 1. What is a(b)?
-6
Let x = -61 + 89. Let v be (-42)/x*10/(-3). Let a(u) = u**2 - 7*u + 3. Determine a(v).
-7
Let n(p) = 2*p - 5. Suppose 0 = -4*o + 5*y + 20, -2*o - 26 = -3*o - 4*y. Let a = -5 + o. Determine n(a).
5
Let w = 0 - 0. Let s(i) be the second derivative of -3*i - 7/2*i**2 + 1/6*i**3 + w. What is s(6)?
-1
Let f(r) be the third derivative of r**5/60 + r**4/24 - 2*r**3/3 + r**2. Suppose -2*z = 4 + 2. Let d(k) = k**2 + 4*k. Let w be d(z). Determine f(w).
2
Let f(p) = 18*p**3 - 34*p**3 + 9*p + 10*p**2 + 17*p**3 + 6. Calculate f(-9).
6
Let b be (-56)/10 - (-2)/(-5). Let w be 2*((-5 - -2) + 5). Let u(i) = -i**3 + 6*i**2 - w + 63*i + 2*i**3 - 1 - 64*i. Determine u(b).
1
Let q(w) = -9*w - 4. Let n(z) be the third derivative of -19*z**4/24 - 4*z**3/3 - z**2. Let r(u) = -2*n(u) + 5*q(u). Determine r(-3).
17
Let k(l) = l**2 - 7*l + 3. Let y = -17 - -14. Let f be y + 14/(-6)*-3. Suppose -t + f = -2. Calculate k(t).
-3
Let g(a) = a**2 - 13*a + 5. Let f(o) = -o**2 + 12*o - 5. Let x(q) = -6*f(q) - 5*g(q). Let c be 13 + ((-4)/(-5))/((-6)/45). Determine x(c).
5
Let x(g) = 88 - 37 + 19*g - g**2 - 45 - 28. Calculate x(18).
-4
Let f(r) = 3*r**2 + 10*r + 7. Let h be f(-3). Let l(b) = -3*b + 5. Give l(h).
-7
Let p be ((-35)/(-21))/(0 - (-1)/(-3)). Let i(n) = 4*n**2 + 3*n - 3. Let b(u) = 3*u**2 + 4*u - 3. Let c(m) = -3*b(m) + 2*i(m). Determine c(p).
8
Let j(a) = 2*a**2 + 21*a + 9. Let s = -179 + 170. Give j(s).
-18
Let y(t) = t**3 + 1. Let r = -328 + 328. What is y(r)?
1
Suppose -4*v + 9*v = 0. Let b = 28 + -26. Let y(q) = 2*q - q - 2*q - 6 + q**b + 2*q. What is y(v)?
-6
Suppose -5*i - 60 = -10*i. Suppose i*s + 18 = 6*s. Let y(c) = -2*c**2 - 4*c - 2. Calculate y(s).
-8
Let r(y) = y**3 + 6*y**2 + 6*y + 3. Suppose 3*u + 2*l = -18, 4*l - 2*l - 6 = u. Let d = 7 + u. Let o = -4 - d. Determine r(o).
-2
Let j(c) be the third derivative of c**4/6 + 2*c**3/3 - 449*c**2. What is j(-9)?
-32
Let c(n) = 29 + 35 - 60 + n**3 + 3*n - 5*n**2. Let x be 3/5 + 36/15. Calculate c(x).
-5
Let q(n) = 2*n**2 + 3*n + 4. Let l(d) = d**2 + 4*d + 5. Let t(v) = -3*l(v) + 4*q(v). Let b be ((-4)/6)/(12/18). Let o be (b/(-2))/((-1)/(-2)). What is t(o)?
6
Let g(w) = -7*w**3 - 5*w**2 + 2*w - 31. Let a(m) = -4*m**3 - 3*m**2 + m - 17. Let o(y) = -9*a(y) + 5*g(y). Calculate o(-3).
-14
Let a(i) = i**2 - 45*i + 425. Let t be a(30). Let p(m) = -2*m - 54. Give p(t).
-4
Let t(w) = w**3 + 5*w**2 - 4*w - 4. Let p(i) = i**3 - 33*i**2 + 30*i + 58. Let s be p(32). Give t(s).
-16
Let s(f) = f**2. Suppose 35 = 3*t + 2*w - 30, -5*t = 3*w - 108. Let u = -20 + t. Determine s(u).
1
Let c(f) = 4*f + 1. Let a(l) = l + 2. Let v(p) = -p**3 + 10*p**2 + 2*p - 15. Let y be v(10). Let i be a(y). Suppose x + 2 = m, -3*x - 18 = 2*m - i. Give c(m).
-3
Let n(h) be the second derivative of -h**3/3 + 7*h**2/2 + 5*h + 5. Calculate n(4).
-1
Let p(d) = -d - 4. Let w be p(-8). Suppose 0 = -w*q - 5*y + 85, 0*q + 40 = q - 5*y. Suppose -q + 1 = 3*u. Let n(c) = c**3 + 8*c**2 + c + 10. Calculate n(u).
2
Let d be (2 - -3)/5 + -2. Let c be (-2 + d)/((-3)/3). Suppose 0 = -2*a + 3*k + 19, a + 5*k + 13 = c. Let t(r) = -r**2 + 4*r - 1. Give t(a).
-6
Let f(i) = -2*i**2 - i - 1. Suppose 0*y - g = y + 5, 2*g + 20 = -4*y. Let h(z) = z**3 + 5*z**2 - z - 6. Let c be h(y). Give f(c).
-2
Let v(x) = -x + 1. Let t(d) = -6*d**2 - 6*d + 4. Let r(h) = -t(h) + 5*v(h). Give r(2).
27
Let j(w) = -w**2 + 3*w - 1. Let t(p) = p**3 - 3*p**2 - 4*p + 3. Let b be t(3). Let q = 13 + b. Suppose -u + 7 = 3*k, 0*k + q*u + 20 = 4*k. Determine j(k).
-1
Suppose -3*g + 2*x = -16 - 61, 5*g = -4*x + 165. Let u = 32 - g. Let k(t) = -2 + t + 1 + u + 0*t. Give k(5).
7
Let s be -5*(-8 - -7)*2. Let x(y) = y**2 - 9*y + 3. Calculate x(s).
13
Let o be (-90)/(-40) - 2/8. Let x(q) = -q**2 - 4 + 203*q + 2*q**o - 204*q. Let g be 2*-1 - (-4)/2. Calculate x(g).
-4
Let c be ((-1)/3)/((-2)/18). Let w(m) = -4*m**2 + 7*m + 3. Let k(x) = 3*x**2 - 5*x - 1. Let a(j) = -3*k(j) - 2*w(j). Determine a(c).
-9
Let a(z) be the second derivative of z**5/120 + z**4/8 - z**3/2 + z**2/2 + 51*z. Let b(v) be the second derivative of a(v). Give b(-3).
0
Let h(m) = m**3 - 2*m**2 + m. Suppose 5*z - u = -6*u - 15, -5*z - 11 = 4*u. Give h(z).
0
Let h(p) = 7*p. Let z(l) = -36*l + 1. Let x be (1 - 2/(4/(-6)))/2. Let d(o) = x*z(o) + 11*h(o). Give d(2).
12
Let l = 0 + -3. Let p(d) be the third derivative of d**5/60 + 5*d**4/24 + 90*d**2. Determine p(l).
-6
Let a(w) be the third derivative of -w**7/840 + w**6/90 + w**5/30 + 5*w**4/24 - 7*w**3/3 + 11*w**2. Let h(v) be the first derivative of a(v). What is h(5)?
0
Let k(r) = -4*r**2 - 3*r + 3. Let h = -357 - -359. What is k(h)?
-19
Let m(s) = s**3 - 6*s**2 + 1. Let f(j) = j**3 + 4*j**2 - 6*j - 4. Let i be f(-5). Let l be 0 + -3 - (-8 + i). Suppose -l*n + 26 - 2 = 0. Determine m(n).
1
Let q(k) = 6*k**2 - 3*k - 2. Let r(w) = -12*w**2 + 5*w + 3. Let h(u) = 5*q(u) + 3*r(u). Let i be (-4)/6 + 2*3/(-18). What is h(i)?
-7
Let b(m) = 2*m - 4. Let x be ((-44)/8)/11*12. Calculate b(x).
-16
Let f(o) = o**3 - 11*o**2 + 10*o + 2. Suppose 2*p = h + 5*p + 13, -h + 4*p = 13. Let q = -3 - h. Determine f(q).
2
Let l(r) = -r**3 - 9*r**2 - r + 3. Let g be ((-30)/(-4))/((-2)/(-4)). Suppose -g*y + 19*y = -36. Determine l(y).
12
Let m(b) be the first derivative of -b**2/2 - 2*b - 1. Let n = -2370 + 2368. Give m(n).
0
Suppose -h + 5 = 2. Let w(r) = r**2 + 14*r - 29. Let n be w(-16). Let s(v) = 3 - 248*v + 244*v - 1 + v**3 - n*v**2. Calculate s(h).
-10
Let q be (-192)/(-21) + (-320)/280. Let d(k) = 8*k - 51. Calculate d(q).
13
Suppose -11 = -2*y - r, -5*y - 4*r + 6*r = -5. Suppose 1 = -2*s - 3*z - 2, y*s + 3*z + 3 = 0. Let a(p) = p**2 + 0*p - p + 6 - 7*p + s*p. What is a(6)?
-6
Let x(c) be the third derivative of c**6/120 - c**5/15 + c**3/3 + 28*c**2 + 3*c. Give x(4).
2
Let q(i) = 5*i + 14. Suppose 6*a = 12*a + 24. Calculate q(a).
-